{"id":40109,"date":"2024-01-10T12:56:57","date_gmt":"2024-01-10T10:56:57","guid":{"rendered":"https:\/\/www.avatex.ro\/shop\/?post_type=product&#038;p=40109"},"modified":"2025-09-12T22:46:37","modified_gmt":"2025-09-12T19:46:37","slug":"set-2-prosoape-de-baie-bamboo-600gr-mp-extra-soft-dusty-green","status":"publish","type":"product","link":"https:\/\/www.avatex.ro\/shop\/produs\/set-2-prosoape-de-baie-bamboo-600gr-mp-extra-soft-dusty-green\/","title":{"rendered":"Set 2 Prosoape de Baie BAMBOO 600gr\/mp Extra SOFT &#8211; Dusty Green"},"content":{"rendered":"<p><\/p>\n<p>Comand\u00e2nd acest set vei primi 2 prosoape dusty green, greutate 600 gr\/mp Extra SOFT Touch: 1 prosop de corp 100% bumbac 70&#215;140 cm \u0219i 1 prosop de fa\u021b\u0103 100% bumbac 50&#215;100 cm.<\/p>\n<p><strong>Descriere\u00a0produse:<\/strong><\/p>\n<div class=\"shortcode-unorderedlist tick\">\n<ul>\n<li>70% bambus &#8211; 30% bumbac, culoare dusty green (verde prafuit)<\/li>\n<li>greutate 600 gr\/mp LUX &#8211; Extra SOFT Touch<\/li>\n<\/ul>\n<\/div>\n<p><strong>Dimensiunile\u00a0prosoapelor\u00a0sunt:<\/strong><\/p>\n<div class=\"shortcode-unorderedlist green-dot\">\n<ul>\n<li>corp: 70\u00a0x 140\u00a0cm<\/li>\n<li>fa\u021b\u0103: 50 x 100 cm<\/li>\n<\/ul>\n<\/div>\n<p><strong>Instructiuni de folosire:<\/strong><\/p>\n<div class=\"shortcode-unorderedlist green-dot\">\n<ul>\n<li>Temperatura recomandat\u0103 de sp\u0103lare 40\u00b0C<\/li>\n<\/ul>\n<\/div>\n<p><\/p>\n","protected":false},"excerpt":{"rendered":"<p>Dou\u0103 fibre naturale \u0219i foarte apreciate &#8211; bumbac \u0219i bambus. Bambusul c\u00e2\u0219tig\u0103 prin moliciunea sa, care este comparat\u0103 cu calit\u0103\u021bi precum m\u0103tasea. \u00cen plus, fibra de bambus are o absorb\u021bie \u0219i o evaporare impecabile a umidit\u0103\u021bii, ceea ce este foarte important pentru prosoape, deoarece aceasta este func\u021bia lor de baz\u0103. \u00c8\u02dci asta nu este tot &#8211; fibra de bambus se adapteaz\u0103 perfect la temperatura corpului, are calit\u0103\u021bi antifungice, antibacteriene.<\/p>\n<p>Aceste prosoape cu siguran\u021b\u0103 vor fi o investi\u021bie pe termen lung \u00een confortul tau \u0219i un accent elegant pentru baie.<\/p>\n<p>Comand\u00e2nd acest set vei primi 2 prosoape dusty green colec\u021bia BAMBOO, greutate 600 gr\/mp:<\/p>\n<ul>\n<li>1 prosop de corp 100% bumbac 70&#215;140 cm<\/li>\n<li>1 prosop fa\u021b\u0103 100% bumbac 50&#215;100 cm.<\/li>\n<\/ul>\n<p style=\"text-align: center;\">\n","protected":false},"featured_media":40871,"comment_status":"open","ping_status":"closed","template":"","meta":[],"product_brand":[],"product_cat":[122,59],"product_tag":[126,127,86],"class_list":{"0":"post-40109","1":"product","2":"type-product","3":"status-publish","4":"has-post-thumbnail","6":"product_cat-prosoape-colorate","7":"product_cat-prosoape-de-baie","8":"product_tag-prosoape-bamboo","9":"product_tag-prosoape-bambus","10":"product_tag-prosoape-color","11":"product_shipping_class-prosoape","13":"first","14":"outofstock","15":"sale","16":"taxable","17":"shipping-taxable","18":"purchasable","19":"product-type-simple"},"_links":{"self":[{"href":"https:\/\/www.avatex.ro\/shop\/wp-json\/wp\/v2\/product\/40109"}],"collection":[{"href":"https:\/\/www.avatex.ro\/shop\/wp-json\/wp\/v2\/product"}],"about":[{"href":"https:\/\/www.avatex.ro\/shop\/wp-json\/wp\/v2\/types\/product"}],"replies":[{"embeddable":true,"href":"https:\/\/www.avatex.ro\/shop\/wp-json\/wp\/v2\/comments?post=40109"}],"wp:featuredmedia":[{"embeddable":true,"href":"https:\/\/www.avatex.ro\/shop\/wp-json\/wp\/v2\/media\/40871"}],"wp:attachment":[{"href":"https:\/\/www.avatex.ro\/shop\/wp-json\/wp\/v2\/media?parent=40109"}],"wp:term":[{"taxonomy":"product_brand","embeddable":true,"href":"https:\/\/www.avatex.ro\/shop\/wp-json\/wp\/v2\/product_brand?post=40109"},{"taxonomy":"product_cat","embeddable":true,"href":"https:\/\/www.avatex.ro\/shop\/wp-json\/wp\/v2\/product_cat?post=40109"},{"taxonomy":"product_tag","embeddable":true,"href":"https:\/\/www.avatex.ro\/shop\/wp-json\/wp\/v2\/product_tag?post=40109"}],"curies":[{"name":"wp","href":"https:\/\/api.w.org\/{rel}","templated":true}]}}