{"id":39382,"date":"2023-12-01T18:00:30","date_gmt":"2023-12-01T16:00:30","guid":{"rendered":"https:\/\/www.avatex.ro\/shop\/?post_type=product&#038;p=39382"},"modified":"2025-09-12T22:46:37","modified_gmt":"2025-09-12T19:46:37","slug":"fata-de-masa-cu-motive-de-iarna-ornamayo","status":"publish","type":"product","link":"https:\/\/www.avatex.ro\/shop\/produs\/fata-de-masa-cu-motive-de-iarna-ornamayo\/","title":{"rendered":"Fa\u021b\u0103 de mas\u0103 cu motive de iarn\u0103 Ornamayo"},"content":{"rendered":"","protected":false},"excerpt":{"rendered":"<div class=\"flex-1 overflow-hidden\">\n<div class=\"react-scroll-to-bottom--css-szmpn-79elbk h-full\">\n<div class=\"react-scroll-to-bottom--css-szmpn-1n7m0yu\">\n<div class=\"flex flex-col pb-9 text-sm\">\n<div class=\"w-full text-token-text-primary\" data-testid=\"conversation-turn-9\">\n<div class=\"px-4 py-2 justify-center text-base md:gap-6 m-auto\">\n<div class=\"flex flex-1 text-base mx-auto gap-3 md:px-5 lg:px-1 xl:px-5 md:max-w-3xl lg:max-w-[40rem] xl:max-w-[48rem] } group final-completion\">\n<div class=\"relative flex w-full flex-col lg:w-[calc(100%-115px)] agent-turn\">\n<div class=\"flex-col gap-1 md:gap-3\">\n<div class=\"flex flex-grow flex-col max-w-full\">\n<div class=\"min-h-[20px] text-message flex flex-col items-start gap-3 whitespace-pre-wrap break-words [.text-message+&amp;]:mt-5 overflow-x-auto\" data-message-author-role=\"assistant\" data-message-id=\"67530370-31f4-4d24-aedd-e50503a5fc97\">\n<div class=\"markdown prose w-full break-words dark:prose-invert dark\">\n<p>Celebreaz\u0103 frumuse\u021bea iernii \u0219i spiritul Cr\u0103ciunului cu fe\u021bele noastre de mas\u0103 inspirate de s\u0103rb\u0103toare. Aceast\u0103 colec\u021bie, captiv\u00e2nd prin elegan\u021ba \u0219i calitatea materialului, aduce \u00een casa ta splendoarea sezonului.<\/p>\n<p>Modelele variate, de la peisaje iernatice serene la simboluri clasice de Cr\u0103ciun, sunt imprimate \u00een culori vibrante, ad\u0103ug\u00e2nd un farmec aparte oric\u0103rei mese. Fie c\u0103 preg\u0103te\u0219ti o cin\u0103 intim\u0103 sau un osp\u0103\u021b mare, fe\u021bele noastre de mas\u0103 sunt u\u0219or de \u00eentre\u021binut, rezist\u00e2nd la pete \u0219i necesit\u00e2nd \u00eengrijire minim\u0103.<\/p>\n<p>Alege dintr-o gam\u0103 variat\u0103 de dimensiuni pentru a ad\u0103uga un aer festiv \u0219i sofisticat \u00eent\u00e2lnirilor de s\u0103rb\u0103toare din familie.<\/p>\n<\/div>\n<\/div>\n<\/div>\n<\/div>\n<\/div>\n<\/div>\n<\/div>\n<\/div>\n<\/div>\n<\/div>\n<\/div>\n<\/div>\n","protected":false},"featured_media":39386,"comment_status":"open","ping_status":"closed","template":"","meta":[],"product_brand":[],"product_cat":[88,79],"product_tag":[],"class_list":{"0":"post-39382","1":"product","2":"type-product","3":"status-publish","4":"has-post-thumbnail","6":"product_cat-motive-craciun","7":"product_cat-fete-de-masa","8":"product_shipping_class-fete-de-masa","10":"first","11":"instock","12":"sale","13":"taxable","14":"shipping-taxable","15":"purchasable","16":"product-type-variable","17":"has-default-attributes"},"_links":{"self":[{"href":"https:\/\/www.avatex.ro\/shop\/wp-json\/wp\/v2\/product\/39382"}],"collection":[{"href":"https:\/\/www.avatex.ro\/shop\/wp-json\/wp\/v2\/product"}],"about":[{"href":"https:\/\/www.avatex.ro\/shop\/wp-json\/wp\/v2\/types\/product"}],"replies":[{"embeddable":true,"href":"https:\/\/www.avatex.ro\/shop\/wp-json\/wp\/v2\/comments?post=39382"}],"wp:featuredmedia":[{"embeddable":true,"href":"https:\/\/www.avatex.ro\/shop\/wp-json\/wp\/v2\/media\/39386"}],"wp:attachment":[{"href":"https:\/\/www.avatex.ro\/shop\/wp-json\/wp\/v2\/media?parent=39382"}],"wp:term":[{"taxonomy":"product_brand","embeddable":true,"href":"https:\/\/www.avatex.ro\/shop\/wp-json\/wp\/v2\/product_brand?post=39382"},{"taxonomy":"product_cat","embeddable":true,"href":"https:\/\/www.avatex.ro\/shop\/wp-json\/wp\/v2\/product_cat?post=39382"},{"taxonomy":"product_tag","embeddable":true,"href":"https:\/\/www.avatex.ro\/shop\/wp-json\/wp\/v2\/product_tag?post=39382"}],"curies":[{"name":"wp","href":"https:\/\/api.w.org\/{rel}","templated":true}]}}