{"id":24532,"date":"2021-01-30T15:53:13","date_gmt":"2021-01-30T13:53:13","guid":{"rendered":"https:\/\/www.avatex.ro\/shop\/?post_type=product&#038;p=24532"},"modified":"2026-02-11T22:20:41","modified_gmt":"2026-02-11T20:20:41","slug":"set-4-prosoape-de-baie-aroyel-lux-650gr-mp-extra-soft-cu-monograma-antracit","status":"publish","type":"product","link":"https:\/\/www.avatex.ro\/shop\/produs\/set-4-prosoape-de-baie-aroyel-lux-650gr-mp-extra-soft-cu-monograma-antracit\/","title":{"rendered":"Set 4 Prosoape de Baie Aroyel LUX 650gr\/mp Extra SOFT cu Monogram\u0103 &#8211; Antracit"},"content":{"rendered":"<p><\/p>\n<p>Prosoapele pe care noi le oferim spre comercializare sunt destinate industriei hoteliere. Dac\u0103 dore\u0219ti un produs brodat de o calitate de LUX, 100% bumbac, rezistent la sp\u0103l\u0103ri repetate \u0219i la temperaturi \u00eenalte atunci nu ezita s\u0103 comanzi acest produs!<\/p>\n<p>Comand\u00e2nd acest set vei primi 4 prosoape antracit, greutate 650 gr\/mp Extra SOFT Touch in functie de tipul setului ales: prosoape de corp 70&#215;140 cm \u0219i prosoape de fa\u021b\u0103 50&#215;90 cm.<\/p>\n<p><strong>Descriere\u00a0produse:<\/strong><\/p>\n<div class=\"shortcode-unorderedlist tick\">\n<ul>\n<li>100% bumbac, culoare antracit<\/li>\n<li>greutate 650 gr\/mp LUX &#8211; Extra SOFT Touch<\/li>\n<li>temperatura de sp\u0103lare recomandat\u0103 de 40 grade (pot fi sp\u0103late \u0219i la 60 grade cu riscul degrad\u0103rii culorii \u00een timp)<\/li>\n<li>fir dublu 20\/2<\/li>\n<\/ul>\n<\/div>\n<p><strong>Dimensiunile\u00a0prosoapelor\u00a0sunt:<\/strong><\/p>\n<div class=\"shortcode-unorderedlist green-dot\">\n<ul>\n<li>corp: 70\u00a0x 140\u00a0cm<\/li>\n<li>fa\u021b\u0103: 50\u00a0x 90\u00a0cm<\/li>\n<\/ul>\n<\/div>\n<p><strong>Instructiuni de folosire:<\/strong><\/p>\n<div class=\"shortcode-unorderedlist green-dot\">\n<ul>\n<li>Temperatura recomandat\u0103 de sp\u0103lare 40\u00b0C (pot fi sp\u0103late \u0219i la 60 grade cu riscul degrad\u0103rii culorii \u00een timp)<\/li>\n<li>A nu se folosi clor<\/li>\n<li>Recomand\u0103m sp\u0103larea \u00eenainte de prima folosire pentru a \u00eenl\u0103tura toate urmele r\u0103mase \u00een urma procesului de brodat<\/li>\n<\/ul>\n<\/div>\n<p><\/p>\n","protected":false},"excerpt":{"rendered":"<p>R\u0103sfa\u021b\u0103-te cu colec\u021bia de prosoape de baie Aroyel Antracit. Moi \u0219i absorbante, aceste prosoape de baie deosebite sunt \u00eenfrumuse\u021bate de o broderie modern\u0103 \u0219i elegant\u0103 \u0219i ofer\u0103 un stil personal prin personalizarea cu monogram\u0103.<\/p>\n<p>Comand\u00e2nd acest set vei primi 4 prosoape antracit din colec\u021bia Aroyel LUX \u00een func\u021bie de tipul setului ales, personalizate cu monogram\u0103, greutate 650 gr\/mp Extra SOFT Touch cu dimensiunile:<\/p>\n<ul>\n<li>prosoape de corp 100% bumbac 70&#215;140 cm<\/li>\n<li>prosoape de fa\u021b\u0103 100% bumbac 50&#215;90 cm<\/li>\n<\/ul>\n<p>Personalizarea prosoapelor se va face cu o singur\u0103 monogram\u0103 per prosop (se pot alege <strong>cel mult dou\u0103 monograme diferite<\/strong>, fiecare dou\u0103 prosoape cu c\u00e2te o monogram\u0103 sau toate prosoapele cu aceea\u0219i monogram\u0103).<\/p>\n","protected":false},"featured_media":24509,"comment_status":"open","ping_status":"closed","template":"","meta":[],"product_brand":[],"product_cat":[81,122,59,92],"product_tag":[96,86,89],"class_list":{"0":"post-24532","1":"product","2":"type-product","3":"status-publish","4":"has-post-thumbnail","6":"product_cat-produse-high-luxury-embroidery","7":"product_cat-prosoape-colorate","8":"product_cat-prosoape-de-baie","9":"product_cat-embroidery-prosoape","10":"product_tag-colectia-aroyel","11":"product_tag-prosoape-color","12":"product_tag-prosoape-luxury-embroidery","13":"product_shipping_class-prosoape","15":"first","16":"instock","17":"sale","18":"taxable","19":"shipping-taxable","20":"purchasable","21":"product-type-variable","22":"has-default-attributes"},"_links":{"self":[{"href":"https:\/\/www.avatex.ro\/shop\/wp-json\/wp\/v2\/product\/24532"}],"collection":[{"href":"https:\/\/www.avatex.ro\/shop\/wp-json\/wp\/v2\/product"}],"about":[{"href":"https:\/\/www.avatex.ro\/shop\/wp-json\/wp\/v2\/types\/product"}],"replies":[{"embeddable":true,"href":"https:\/\/www.avatex.ro\/shop\/wp-json\/wp\/v2\/comments?post=24532"}],"wp:featuredmedia":[{"embeddable":true,"href":"https:\/\/www.avatex.ro\/shop\/wp-json\/wp\/v2\/media\/24509"}],"wp:attachment":[{"href":"https:\/\/www.avatex.ro\/shop\/wp-json\/wp\/v2\/media?parent=24532"}],"wp:term":[{"taxonomy":"product_brand","embeddable":true,"href":"https:\/\/www.avatex.ro\/shop\/wp-json\/wp\/v2\/product_brand?post=24532"},{"taxonomy":"product_cat","embeddable":true,"href":"https:\/\/www.avatex.ro\/shop\/wp-json\/wp\/v2\/product_cat?post=24532"},{"taxonomy":"product_tag","embeddable":true,"href":"https:\/\/www.avatex.ro\/shop\/wp-json\/wp\/v2\/product_tag?post=24532"}],"curies":[{"name":"wp","href":"https:\/\/api.w.org\/{rel}","templated":true}]}}