{"id":23050,"date":"2020-11-07T15:52:54","date_gmt":"2020-11-07T13:52:54","guid":{"rendered":"https:\/\/www.avatex.ro\/shop\/?post_type=product&#038;p=23050"},"modified":"2025-09-12T22:47:34","modified_gmt":"2025-09-12T19:47:34","slug":"set-2-fete-de-perna-luxury-embroidery-cable","status":"publish","type":"product","link":"https:\/\/www.avatex.ro\/shop\/produs\/set-2-fete-de-perna-luxury-embroidery-cable\/","title":{"rendered":"Set 2 Fete de perna Luxury Embroidery 50&#215;70 cm &#8211; Cable"},"content":{"rendered":"<p><\/p>\n<p><strong>Tip material<\/strong><\/p>\n<ul>\n<li>Percale PREMIUM 100% bumbac satinat.<\/li>\n<\/ul>\n<p>Culoare: alb.<\/p>\n<p><strong>Instructiuni de folosire:<\/strong><\/p>\n<div class=\"shortcode-unorderedlist green-dot\">\n<ul>\n<li>Temperatura de sp\u0103lare recomandat\u0103 este 60\u00b0C.<\/li>\n<li>Nu se foloseste clor<\/li>\n<li>Se calca la temperatura maxima a talpii fierului de calcat: 130\u00b0C<\/li>\n<li>Nu se poate cur\u0103\u021ba chimic<\/li>\n<\/ul>\n<\/div>\n<p><\/p>\n","protected":false},"excerpt":{"rendered":"<p>Marginea brodat\u0103 cu aspect nobil fac aceste fete de perna un must-have pentru to\u021bi iubitorii de clasic! Inspirat\u0103 de nemuritoarea frumuse\u021be a str\u0103vechei Rome, lenjeria aduce o grandoare imperial\u0103 dormitorului t\u0103u.<\/p>\n<p>Pentru o potrivire perfect\u0103 cu dormitorul t\u0103u, ai posibilitatea s\u0103 le dai o not\u0103 personal\u0103 aleg\u00e2nd culoarea broderiei care \u021bi se potrive\u0219te cel mai bine.<\/p>\n<p>Tip material: Percale PREMIUM 100% bumbac.<\/p>\n","protected":false},"featured_media":23055,"comment_status":"open","ping_status":"closed","template":"","meta":[],"product_brand":[],"product_cat":[93,56,81,119],"product_tag":[83,90],"class_list":{"0":"post-23050","1":"product","2":"type-product","3":"status-publish","4":"has-post-thumbnail","6":"product_cat-embroidery-fete-de-perna","7":"product_cat-lenjerii-de-pat","8":"product_cat-produse-high-luxury-embroidery","9":"product_cat-fete-de-perna","10":"product_tag-embroidery-luxury","11":"product_tag-fete-de-perna","12":"product_shipping_class-lenjerie","14":"first","15":"instock","16":"sale","17":"taxable","18":"shipping-taxable","19":"purchasable","20":"product-type-variable","21":"has-default-attributes"},"_links":{"self":[{"href":"https:\/\/www.avatex.ro\/shop\/wp-json\/wp\/v2\/product\/23050"}],"collection":[{"href":"https:\/\/www.avatex.ro\/shop\/wp-json\/wp\/v2\/product"}],"about":[{"href":"https:\/\/www.avatex.ro\/shop\/wp-json\/wp\/v2\/types\/product"}],"replies":[{"embeddable":true,"href":"https:\/\/www.avatex.ro\/shop\/wp-json\/wp\/v2\/comments?post=23050"}],"wp:featuredmedia":[{"embeddable":true,"href":"https:\/\/www.avatex.ro\/shop\/wp-json\/wp\/v2\/media\/23055"}],"wp:attachment":[{"href":"https:\/\/www.avatex.ro\/shop\/wp-json\/wp\/v2\/media?parent=23050"}],"wp:term":[{"taxonomy":"product_brand","embeddable":true,"href":"https:\/\/www.avatex.ro\/shop\/wp-json\/wp\/v2\/product_brand?post=23050"},{"taxonomy":"product_cat","embeddable":true,"href":"https:\/\/www.avatex.ro\/shop\/wp-json\/wp\/v2\/product_cat?post=23050"},{"taxonomy":"product_tag","embeddable":true,"href":"https:\/\/www.avatex.ro\/shop\/wp-json\/wp\/v2\/product_tag?post=23050"}],"curies":[{"name":"wp","href":"https:\/\/api.w.org\/{rel}","templated":true}]}}