{"id":22730,"date":"2020-10-20T20:36:23","date_gmt":"2020-10-20T17:36:23","guid":{"rendered":"https:\/\/www.avatex.ro\/shop\/?post_type=product&#038;p=22730"},"modified":"2026-03-29T12:08:54","modified_gmt":"2026-03-29T09:08:54","slug":"lenjerie-de-pat-matrimoniala-cable-luxury-embroidery","status":"publish","type":"product","link":"https:\/\/www.avatex.ro\/shop\/produs\/lenjerie-de-pat-matrimoniala-cable-luxury-embroidery\/","title":{"rendered":"Lenjerie de pat matrimoniala Cable Luxury Embroidery (6 piese)"},"content":{"rendered":"<p><\/p>\n<p><strong>Tip material<\/strong><\/p>\n<ul>\n<li>Saten Luxury 100% bumbac satinat, mercerizat si sanforizat.<\/li>\n<\/ul>\n<p>Culori material disponibile: alb, light grey, bej.<\/p>\n<p><strong>Dimensiune<\/strong>:<\/p>\n<div class=\"shortcode-unorderedlist tick\">\n<ul>\n<li>cearceaf pat: 275 x 275 cm<\/li>\n<li>cearceaf pilot\u0103: 200 x 220 cm<\/li>\n<li>4 fe\u021be de pern\u0103 brodate: 50 x 70 cm<\/li>\n<\/ul>\n<\/div>\n<p><strong>Instructiuni de folosire:<\/strong><\/p>\n<div class=\"shortcode-unorderedlist green-dot\">\n<ul>\n<li>Temperatura de sp\u0103lare recomandat\u0103 este 60\u00b0C.<\/li>\n<li>Nu se foloseste clor<\/li>\n<li>Se calca la temperatura maxima a talpii fierului de calcat: 130\u00b0C<\/li>\n<li>Nu se poate cur\u0103\u021ba chimic<\/li>\n<\/ul>\n<\/div>\n<p><\/p>\n","protected":false},"excerpt":{"rendered":"<p>Marginea brodat\u0103 cu aspect nobil face din lenjeria de pat Cable un must-have pentru to\u021bi iubitorii de clasic! Inspirat\u0103 de nemuritoarea frumuse\u021be a str\u0103vechei Rome, lenjeria aduce o grandoare imperial\u0103 dormitorului t\u0103u.<\/p>\n<p>Pentru o potrivire perfect\u0103 cu dormitorul t\u0103u, ai posibilitatea s\u0103 dai o not\u0103 personal\u0103 lenjeriei aleg\u00e2nd culoarea broderiei care \u021bi se potrive\u0219te cel mai bine.<\/p>\n<p>Tip material: Saten Luxury 100% bumbac.<\/p>\n","protected":false},"featured_media":22946,"comment_status":"open","ping_status":"closed","template":"","meta":[],"product_brand":[],"product_cat":[114,56,91,81],"product_tag":[83,82],"class_list":{"0":"post-22730","1":"product","2":"type-product","3":"status-publish","4":"has-post-thumbnail","6":"product_cat-lenjerii-albe","7":"product_cat-lenjerii-de-pat","8":"product_cat-embroidery-lenjerii-pat","9":"product_cat-produse-high-luxury-embroidery","10":"product_tag-embroidery-luxury","11":"product_tag-lenjerii-high-class","12":"product_shipping_class-lenjerie","14":"first","15":"instock","16":"sale","17":"taxable","18":"shipping-taxable","19":"purchasable","20":"product-type-variable","21":"has-default-attributes"},"_links":{"self":[{"href":"https:\/\/www.avatex.ro\/shop\/wp-json\/wp\/v2\/product\/22730"}],"collection":[{"href":"https:\/\/www.avatex.ro\/shop\/wp-json\/wp\/v2\/product"}],"about":[{"href":"https:\/\/www.avatex.ro\/shop\/wp-json\/wp\/v2\/types\/product"}],"replies":[{"embeddable":true,"href":"https:\/\/www.avatex.ro\/shop\/wp-json\/wp\/v2\/comments?post=22730"}],"wp:featuredmedia":[{"embeddable":true,"href":"https:\/\/www.avatex.ro\/shop\/wp-json\/wp\/v2\/media\/22946"}],"wp:attachment":[{"href":"https:\/\/www.avatex.ro\/shop\/wp-json\/wp\/v2\/media?parent=22730"}],"wp:term":[{"taxonomy":"product_brand","embeddable":true,"href":"https:\/\/www.avatex.ro\/shop\/wp-json\/wp\/v2\/product_brand?post=22730"},{"taxonomy":"product_cat","embeddable":true,"href":"https:\/\/www.avatex.ro\/shop\/wp-json\/wp\/v2\/product_cat?post=22730"},{"taxonomy":"product_tag","embeddable":true,"href":"https:\/\/www.avatex.ro\/shop\/wp-json\/wp\/v2\/product_tag?post=22730"}],"curies":[{"name":"wp","href":"https:\/\/api.w.org\/{rel}","templated":true}]}}