{"id":16774,"date":"2019-02-27T20:17:33","date_gmt":"2019-02-27T18:17:33","guid":{"rendered":"https:\/\/www.avatex.ro\/shop\/?post_type=product&#038;p=16774"},"modified":"2026-04-18T11:18:10","modified_gmt":"2026-04-18T08:18:10","slug":"pilota-puf-de-gasca-hilton","status":"publish","type":"product","link":"https:\/\/www.avatex.ro\/shop\/produs\/pilota-puf-de-gasca-hilton\/","title":{"rendered":"Pilota Hilton 100% puf de g\u00e2sc\u0103, material Percale 233TC, 100% bumbac, anotimp universal"},"content":{"rendered":"","protected":false},"excerpt":{"rendered":"<p>Colec\u021bia noastr\u0103 de pilote Hilton combin\u0103 luxul cu pre\u021burile accesibile. \u00cenvele\u0219te-te cu pilota din 100% puf de g\u00e2sc\u0103 pufos, natural, \u00eencapsulat \u00eentr-un bumbac delicat pentru un somn de noapte confortabil.<\/p>\n<p>Greutatea umpluturii de 160 gr\/mp, materialul Percale 233TC, 100% bumbac \u0219i calitatea pufului fac pilota s\u0103 fie una MIXT\u0102, put\u00e2nd fi folosit\u0103 pe \u00eentreaga durata a anului!<\/p>\n<p>Produsul este de o calitate PREMIUM, nu las\u0103 puful s\u0103 ias\u0103, av\u00e2nd ca destina\u021bie principal\u0103 industria HOTELIER\u0102!<\/p>\n","protected":false},"featured_media":46346,"comment_status":"open","ping_status":"closed","template":"","meta":[],"product_brand":[],"product_cat":[69,109],"product_tag":[110],"class_list":{"0":"post-16774","1":"product","2":"type-product","3":"status-publish","4":"has-post-thumbnail","6":"product_cat-pilote-puf-de-gasca","7":"product_cat-pilote","8":"product_tag-pilote-puf","9":"product_shipping_class-pilota","11":"first","12":"instock","13":"sale","14":"taxable","15":"shipping-taxable","16":"purchasable","17":"product-type-variable","18":"has-default-attributes"},"_links":{"self":[{"href":"https:\/\/www.avatex.ro\/shop\/wp-json\/wp\/v2\/product\/16774"}],"collection":[{"href":"https:\/\/www.avatex.ro\/shop\/wp-json\/wp\/v2\/product"}],"about":[{"href":"https:\/\/www.avatex.ro\/shop\/wp-json\/wp\/v2\/types\/product"}],"replies":[{"embeddable":true,"href":"https:\/\/www.avatex.ro\/shop\/wp-json\/wp\/v2\/comments?post=16774"}],"wp:featuredmedia":[{"embeddable":true,"href":"https:\/\/www.avatex.ro\/shop\/wp-json\/wp\/v2\/media\/46346"}],"wp:attachment":[{"href":"https:\/\/www.avatex.ro\/shop\/wp-json\/wp\/v2\/media?parent=16774"}],"wp:term":[{"taxonomy":"product_brand","embeddable":true,"href":"https:\/\/www.avatex.ro\/shop\/wp-json\/wp\/v2\/product_brand?post=16774"},{"taxonomy":"product_cat","embeddable":true,"href":"https:\/\/www.avatex.ro\/shop\/wp-json\/wp\/v2\/product_cat?post=16774"},{"taxonomy":"product_tag","embeddable":true,"href":"https:\/\/www.avatex.ro\/shop\/wp-json\/wp\/v2\/product_tag?post=16774"}],"curies":[{"name":"wp","href":"https:\/\/api.w.org\/{rel}","templated":true}]}}