{"id":16770,"date":"2019-02-27T19:15:25","date_gmt":"2019-02-27T17:15:25","guid":{"rendered":"https:\/\/www.avatex.ro\/shop\/?post_type=product&#038;p=16770"},"modified":"2025-09-12T22:48:17","modified_gmt":"2025-09-12T19:48:17","slug":"lenjerie-pat-amore-ultra-soft","status":"publish","type":"product","link":"https:\/\/www.avatex.ro\/shop\/produs\/lenjerie-pat-amore-ultra-soft\/","title":{"rendered":"Lenjerie pat Amore ultra soft"},"content":{"rendered":"<p><\/p>\n<p>Aceast\u0103 lenjerie de pat \u00eembin\u0103 un mix deosebit dxe design din figuri geometrice si culori contrastante ce reflect\u0103 un look modern si o atingere delicata, oferind dormitorului dumneavoastra un aspect cozy si natural.<\/p>\n<p>Produsul va fi livrat intr-un ambalaj modern cu m\u00e2ner tip diplomat.<\/p>\n<p class=\"\"><span class=\"\"><b>ATEN\u00c8\u0161IE:\u00a0<\/b>Toat\u0103 lenjeria are acelasi imprimeu ca fa\u021ba cear\u0219afului pentru pilot\u0103 (desi apar cu dou\u0103 fe\u021be, lenjeria \u0219i fetele de pern\u0103 au o singur\u0103 fa\u021b\u0103).\u00a0<\/span><\/p>\n<div class=\"shortcode-unorderedlist tick\">\n<p><strong>Dimensiune<\/strong>:<\/p>\n<ul>\n<li>cearceaf pat: 220 x 240 cm<\/li>\n<li>cearceaf pilot\u0103: 200 x 220 cm<\/li>\n<li>2 fete de pern\u0103: 50 x 70 cm<\/li>\n<\/ul>\n<\/div>\n<p><strong>Instructiuni de folosire:<\/strong><\/p>\n<div class=\"shortcode-unorderedlist green-dot\">\n<ul>\n<li>Temperatura maxima de spalare 30\u00b0C<\/li>\n<li>Nu se foloseste clor<\/li>\n<li>Se calca la temperatura maxima a talpii fierului de calcat: 130\u00b0C<\/li>\n<li>Nu se poate cur\u0103\u021ba chimic<\/li>\n<\/ul>\n<\/div>\n<p><\/p>\n","protected":false},"excerpt":{"rendered":"<p>Imbin\u0103 un mix deosebit de design din figuri geometrice si culori contrastante ce reflect\u0103 un look modern si o atingere delicata, oferind dormitorului dumneavoastra un aspect cozy si natural.<\/p>\n","protected":false},"featured_media":16771,"comment_status":"open","ping_status":"closed","template":"","meta":[],"product_brand":[],"product_cat":[113,56],"product_tag":[71],"class_list":{"0":"post-16770","1":"product","2":"type-product","3":"status-publish","4":"has-post-thumbnail","6":"product_cat-lenjerii-colorate","7":"product_cat-lenjerii-de-pat","8":"product_tag-lenjerii-imprimate","9":"product_shipping_class-lenjerie","11":"first","12":"outofstock","13":"sale","14":"taxable","15":"shipping-taxable","16":"purchasable","17":"product-type-simple"},"_links":{"self":[{"href":"https:\/\/www.avatex.ro\/shop\/wp-json\/wp\/v2\/product\/16770"}],"collection":[{"href":"https:\/\/www.avatex.ro\/shop\/wp-json\/wp\/v2\/product"}],"about":[{"href":"https:\/\/www.avatex.ro\/shop\/wp-json\/wp\/v2\/types\/product"}],"replies":[{"embeddable":true,"href":"https:\/\/www.avatex.ro\/shop\/wp-json\/wp\/v2\/comments?post=16770"}],"wp:featuredmedia":[{"embeddable":true,"href":"https:\/\/www.avatex.ro\/shop\/wp-json\/wp\/v2\/media\/16771"}],"wp:attachment":[{"href":"https:\/\/www.avatex.ro\/shop\/wp-json\/wp\/v2\/media?parent=16770"}],"wp:term":[{"taxonomy":"product_brand","embeddable":true,"href":"https:\/\/www.avatex.ro\/shop\/wp-json\/wp\/v2\/product_brand?post=16770"},{"taxonomy":"product_cat","embeddable":true,"href":"https:\/\/www.avatex.ro\/shop\/wp-json\/wp\/v2\/product_cat?post=16770"},{"taxonomy":"product_tag","embeddable":true,"href":"https:\/\/www.avatex.ro\/shop\/wp-json\/wp\/v2\/product_tag?post=16770"}],"curies":[{"name":"wp","href":"https:\/\/api.w.org\/{rel}","templated":true}]}}