{"id":15310,"date":"2017-04-27T12:35:00","date_gmt":"2017-04-27T09:35:00","guid":{"rendered":"http:\/\/furniture-store.seaside-themes.com\/?post_type=product&#038;p=15310"},"modified":"2026-01-01T22:29:37","modified_gmt":"2026-01-01T20:29:37","slug":"lenjerie-pat-damasc-satinat-dungat","status":"publish","type":"product","link":"https:\/\/www.avatex.ro\/shop\/produs\/lenjerie-pat-damasc-satinat-dungat\/","title":{"rendered":"Lenjerie Alba Damasc Satinat Dungat 100% bumbac &#8211; PREMIUM"},"content":{"rendered":"<p><\/p>\n<p>Pentru somnul relaxant \u0219i odihnitor la care ai visat alege lenjeriile de pat elegante din\u00a0damasc satinat\u00a0alb.\u00a0Aceast\u0103 lenjerie este confectionat\u0103 dintr-un damasc fin, 100% bumbac, satinat \u0219i dublu albit, densitate tes\u0103tura TC300 (num\u0103r fire per inch p\u0103trat), mercerizat si sanforizat. Au un aspect deosebit ce le ofer\u0103 eleganta, un grad ridicat de delicatete la atingere precum si rezistenta la folosire si spalari repetate.<\/p>\n<p>Echipeaza-ti dormitorul cu o lenjerie fin\u0103 ca cea a hotelurilor de 5 stele! Ofer\u0103-ti clipe de r\u0103sf\u0103\u021b la tine acasa!<\/p>\n<p><strong>Lenjeriile pe care noi le comercializam fac parte din gama Horeca, ceea ce impune un standard ridicat de calitate (spalare 90 grade, \u00a0tratare antibacterie, mercerizare, etc). A nu se confunda cu materiale existente pe piata care doar se aseamana din punct de vedere al texturii dar care nu se apropie calitativ si nu respecta rigorile Horeca.<\/strong><\/p>\n<p>Dimensiunile standard\u00a0sunt cele de mai jos. Daca ai alte dimensiuni te rog sa precizezi in mentiunea comenzii si iti vom confectiona conform nevoilor tale.<br \/>\n\u00cen cazul cearsafului de pat cu margini elastice, cear\u00c5\u0178aful de pat este potrivit pentru saltele cu grosimea de maxim 26 cm.<\/p>\n<div class=\"shortcode-unorderedlist tick\">\n<p>Single:<\/p>\n<ul>\n<li>cearceaf pat: 150 x 220 cm<\/li>\n<li>cearceaf pilota: 150 x 210 cm<\/li>\n<li>1 fat\u0103 de perna: 50 x 70 cm<\/li>\n<\/ul>\n<\/div>\n<div class=\"shortcode-unorderedlist tick\">\n<p>Dubl\u0103:<\/p>\n<ul>\n<li>cearceaf pat: 220 x 240 cm<\/li>\n<li>cearceaf pilot\u0103: 180 x 210 cm<\/li>\n<li>2 fete de pern\u0103: 50 x 70 cm<\/li>\n<\/ul>\n<\/div>\n<div class=\"shortcode-unorderedlist tick\">\n<p>Matrimonial\u0103:<\/p>\n<ul>\n<li>cearceaf pat: 240 x 260 cm<\/li>\n<li>cearceaf pilot\u0103: 210 x 220 cm<\/li>\n<li>2 fete de pern\u0103: 50 x 70 cm<\/li>\n<\/ul>\n<\/div>\n<p><strong>Instructiuni de folosire:<\/strong><\/p>\n<div class=\"shortcode-unorderedlist green-dot\">\n<ul>\n<li>Temperatura maxima de spalare 90\u00b0C<\/li>\n<li>Nu se foloseste clor<\/li>\n<li>Se calca la temperatura maxima a talpii fierului de calcat: 150\u00b0C<\/li>\n<li>Se poate curata chimic<\/li>\n<\/ul>\n<\/div>\n<p><\/p>\n","protected":false},"excerpt":{"rendered":"<div style=\"text-align: justify;\">\n<p>Bucur\u0103-te de somnul relaxant \u0219i odihnitor la care ai visat cu colec\u021bia noastr\u0103 exclusiv\u0103 de lenjerie de pat de calitate hotelier\u0103. Confec\u021bionat\u0103 din damasc satinat premium, cu dungi fine de 20mm \u0219i o compozi\u021bie de 100% bumbac mercerizat, provenit din Pakistan, acest set de lenjerie se m\u00e2ndre\u0219te cu un num\u0103r excep\u021bional de fire, TC 300 per inch p\u0103trat, \u0219i o greutate de 140 gr\/mp.<\/p>\n<p>Este un articol VIP, remarcabil at\u00e2t prin aspect c\u00e2t \u0219i calitate, oferind o senza\u021bie m\u0103t\u0103soas\u0103 pentru un somn profund \u0219i odihnitor. Cu un design &#8222;alb-neutru&#8221; \u0219i dungi elegant \u021besute \u00een textura materialului, adaug\u0103 o not\u0103 de sofisticare care se potrive\u0219te oric\u0103rui stil interior.<\/p>\n<p>Reprezint\u0103 alegerea ideal\u0103 pentru cei care \u00ee\u0219i doresc s\u0103 aduc\u0103 \u00een dormitorul personal confortul high class specific hotelurilor de cinci stele!<\/p>\n<\/div>\n","protected":false},"featured_media":16012,"comment_status":"open","ping_status":"closed","template":"","meta":[],"product_brand":[],"product_cat":[114,56],"product_tag":[],"class_list":{"0":"post-15310","1":"product","2":"type-product","3":"status-publish","4":"has-post-thumbnail","6":"product_cat-lenjerii-albe","7":"product_cat-lenjerii-de-pat","8":"product_shipping_class-lenjerie","10":"first","11":"instock","12":"sale","13":"featured","14":"taxable","15":"shipping-taxable","16":"purchasable","17":"product-type-variable","18":"has-default-attributes"},"_links":{"self":[{"href":"https:\/\/www.avatex.ro\/shop\/wp-json\/wp\/v2\/product\/15310"}],"collection":[{"href":"https:\/\/www.avatex.ro\/shop\/wp-json\/wp\/v2\/product"}],"about":[{"href":"https:\/\/www.avatex.ro\/shop\/wp-json\/wp\/v2\/types\/product"}],"replies":[{"embeddable":true,"href":"https:\/\/www.avatex.ro\/shop\/wp-json\/wp\/v2\/comments?post=15310"}],"wp:featuredmedia":[{"embeddable":true,"href":"https:\/\/www.avatex.ro\/shop\/wp-json\/wp\/v2\/media\/16012"}],"wp:attachment":[{"href":"https:\/\/www.avatex.ro\/shop\/wp-json\/wp\/v2\/media?parent=15310"}],"wp:term":[{"taxonomy":"product_brand","embeddable":true,"href":"https:\/\/www.avatex.ro\/shop\/wp-json\/wp\/v2\/product_brand?post=15310"},{"taxonomy":"product_cat","embeddable":true,"href":"https:\/\/www.avatex.ro\/shop\/wp-json\/wp\/v2\/product_cat?post=15310"},{"taxonomy":"product_tag","embeddable":true,"href":"https:\/\/www.avatex.ro\/shop\/wp-json\/wp\/v2\/product_tag?post=15310"}],"curies":[{"name":"wp","href":"https:\/\/api.w.org\/{rel}","templated":true}]}}